?
True
Is 213 a factor of 25773?
True
Does 34 divide 5100?
True
Is 99 a factor of 5568?
False
Is 64 a factor of 964?
False
Is 90 a factor of 65610?
True
Is 30 a factor of 4770?
True
Does 29 divide 1638?
False
Does 2 divide 199?
False
Is 21 a factor of 1995?
True
Does 15 divide 150?
True
Is 11 a factor of 1106?
False
Is 112 a multiple of 8?
True
Does 5 divide 3930?
True
Is 12 a factor of 1320?
True
Does 11 divide 1540?
True
Is 49 a factor of 18277?
True
Is 4223 a multiple of 41?
True
Does 37 divide 18204?
True
Is 6631 a multiple of 57?
False
Does 6 divide 21671?
False
Is 102 a factor of 1030?
False
Does 30 divide 1833?
False
Is 208 a multiple of 16?
True
Is 17 a factor of 6511?
True
Is 9350 a multiple of 11?
True
Does 56 divide 32907?
False
Is 57 a factor of 2166?
True
Is 14 a factor of 3676?
False
Does 13 divide 4286?
False
Is 3 a factor of 2000?
False
Is 15 a factor of 480?
True
Does 47 divide 11710?
False
Is 143 a multiple of 3?
False
Is 37 a factor of 24214?
False
Is 17359 a multiple of 90?
False
Is 119 a multiple of 8?
False
Does 15 divide 9327?
False
Does 11 divide 1815?
True
Does 42 divide 4595?
False
Does 11 divide 22649?
True
Does 46 divide 9914?
False
Is 12284 a multiple of 83?
True
Is 134 a factor of 1790?
False
Is 206 a factor of 27669?
False
Is 22802 a multiple of 74?
False
Does 11 divide 1646?
False
Is 55 a factor of 1210?
True
Is 4140 a multiple of 19?
False
Is 115 a factor of 4485?
True
Is 34 a factor of 11471?
False
Does 3 divide 198?
True
Is 13 a factor of 1846?
True
Is 1284 a multiple of 11?
False
Is 30 a factor of 28860?
True
Is 5240 a multiple of 20?
True
Is 3 a factor of 333?
True
Is 253 a multiple of 12?
False
Does 25 divide 2650?
True
Is 287 a multiple of 21?
False
Is 144 a multiple of 4?
True
Does 124 divide 3962?
False
Is 4048 a multiple of 22?
True
Is 55 a factor of 1632?
False
Does 11 divide 3825?
False
Is 2310 a multiple of 70?
True
Is 31 a multiple of 4?
False
Is 32 a factor of 3050?
False
Is 64 a factor of 5000?
False
Does 2 divide 98?
True
Does 52 divide 1354?
False
Is 7 a factor of 588?
True
Is 6376 a multiple of 8?
True
Is 33 a factor of 660?
True
Does 6 divide 6108?
True
Is 16 a factor of 43744?
True
Is 488 a multiple of 10?
False
Does 7 divide 56?
True
Does 79 divide 48699?
False
Is 7 a factor of 20031?
False
Is 3200 a multiple of 50?
True
Does 95 divide 36033?
False
Is 33 even?
False
Is 28 a factor of 5056?
False
Is 26145 a multiple of 105?
True
Is 13 a factor of 796?
False
Does 108 divide 1185?
False
Is 41 a factor of 61008?
True
Is 16 a factor of 540?
False
Is 114 a factor of 55294?
False
Is 39 a factor of 9477?
True
Is 10 a factor of 3340?
True
Is 5 a factor of 553?
False
Is 10986 a multiple of 94?
False
Is 10 a factor of 41320?
True
Is 69 a factor of 3474?
False
Does 114 divide 9113?
False
Is 99 a factor of 95310?
False
Is 2279 a multiple of 43?
True
Is 218 a multiple of 36?
False
Does 88 divide 7023?
False
Does 14 divide 1932?
True
Does 12 divide 4968?
True
Does 26 divide 3701?
False
Is 2575 a multiple of 414?
False
Is 24 a factor of 5208?
True
Does 228 divide 14364?
True
Is 168 a multiple of 7?
True
Does 17 divide 18105?
True
Is 910 a multiple of 14?
True
Does 9 divide 28008?
True
Is 2656 a multiple of 13?
False
Is 83 a factor of 3728?
False
Is 303 a factor of 67266?
True
Does 30 divide 652?
False
Is 483 a multiple of 23?
True
Does 14 divide 43456?
True
Is 2380 a multiple of 70?
True
Is 663 a multiple of 17?
True
Is 7 a factor of 198?
False
Is 41 a factor of 4428?
True
Is 529 a factor of 143533?
False
Does 103 divide 72409?
True
Is 8 a factor of 1109?
False
Is 10 a factor of 5447?
False
Does 15 divide 201?
False
Is 3256 a multiple of 18?
False
Does 42 divide 3024?
True
Is 35 a factor of 2220?
False
Is 12293 a multiple of 13?
False
Is 13 a factor of 3367?
True
Is 202 a factor of 34310?
False
Does 51 divide 8599?
False
Is 4674 a multiple of 41?
True
Is 14775 a multiple of 75?
True
Is 1550 a multiple of 31?
True
Does 11 divide 3696?
True
Is 8 a factor of 221?
False
Is 69 a factor of 5001?
False
Is 4 a factor of 18492?
True
Is 89 a factor of 7095?
False
Is 14 a factor of 1232?
True
Does 13 divide 184?
False
Does 77 divide 34992?
False
Is 3192 a multiple of 12?
True
Is 13275 a multiple of 45?
True
Is 20 a factor of 6458?
False
Is 5098 a multiple of 10?
False
Does 329 divide 27518?
False
Does 129 divide 17831?
False
Is 9 a factor of 2894?
False
Is 5 a factor of 325?
True
Does 69 divide 1674?
False
Does 19 divide 1463?
True
Is 2088 a multiple of 12?
True
Is 20 a factor of 1899?
False
Is 2993 a multiple of 32?
False
Is 28 a factor of 1612?
False
Does 47 divide 14012?
False
Is 154 a multiple of 7?
True
Is 23 a factor of 391?
True
Is 23 a factor of 12020?
False
Is 10 a factor of 260?
True
Is 10 a factor of 361?
False
Does 115 divide 18118?
False
Is 84 a factor of 11912?
False
Is 5785 a multiple of 76?
False
Is 34456 a multiple of 20?
False
Is 8 a factor of 568?
True
Does 74 divide 2704?
False
Is 4092 a multiple of 44?
True
Is 1827 a multiple of 29?
True
Is 16224 a multiple of 39?
True
Is 666 a multiple of 74?
True
Does 20 divide 2981?
False
Is 7 a factor of 1449?
True
Does 9 divide 780?
False
Is 24 a factor of 864?
True
Is 10649 a multiple of 56?
False
Does 16 divide 20978?
False
Is 30 a factor of 1230?
True
Does 4 divide 10248?
True
Does 58 divide 464?
True
Is 70 a factor of 10360?
True
Does 27 divide 11097?
True
Does 85 divide 10614?
False
Is 22 a factor of 506?
True
Is 16 a factor of 7200?
True
Is 4 a factor of 8513?
False
Does 65 divide 4095?
True
Is 43 a factor of 129?
True
Is 82 a factor of 604?
False
Is 13327 a multiple of 158?
False
Is 41 a factor of 2583?
True
Does 75 divide 8520?
False
Does 12 divide 2225?
False
Is 3 a factor of 33?
True
Does 100 divide 5900?
True
Is 1885 a multiple of 59?
False
Is 4848 a multiple of 91?
False
Is 19304 a multiple of 8?
True
Is 14 a factor of 4298?
True
Does 19 divide 2040?
False
Is 25 a factor of 1064?
False
Is 8 a factor of 2992?
True
Does 9 divide 3893?
False
Is 51758 a multiple of 14?
True
Is 12 a factor of 218?
False
Is 441 a multiple of 49?
True
Is 11 a factor of 3641?
True
Does 122 divide 3904?
True
Does 7 divide 238?
True
Is 8 a factor of 176?
True
Does 42 divide 4701?
False
Does 43 divide 8729?
True
Is 2466 a multiple of 7?
False
Is 21219 a multiple of 62?
False
Is 3166 a multiple of 83?
False
Does 14 divide 1232?
True
Is 1344 a multiple of 64?
True
Is 10 a factor of 8009?
False
Is 22579 a multiple of 20?
False
Is 20844 a multiple of 36?
True
Does 13 divide 17355?
True
Is 25824 a multiple of 21?
False
Is 350 a multiple of 25?
True
Is 106 a factor of 1100?
False
Is 4 a factor of 44?
True
Is 2419 a multiple of 2?
False
Is 21 a factor of 18637?
False
Is 3525 a multiple of 164?
False
Is 110 even?
True
Is 2968 a multiple of 42?
False
Does 31 divide 218?
False
Is 11994 a multiple of 24?
False
Is 14 a factor of 25780?
False
Is 2515 even?
False
Is 105 a multiple of 21?
True
Is 54975 a multiple of 75?
True
Is 29 a factor of 18839?
False
Does 4 divide 256?
True
Is 72 a factor of 1296?
True
Is 51 a factor of 10503?
False
Does 91 divide 9885?
False
Is 1808 a multiple of 14?
False
Is 25 a factor of 1645?
False
Does 36 divide 8019?
False
Is 1276 a multiple of 13?
False
Is 30 a factor of 20572?
False
Does 30 divide 3180?
True
Is 11 a factor of 154?
True
Is 23 a factor of 230?
True
Is 450 a multiple of 56?
False
Does 99 divide 16269?
False
Is 1267 a multiple of 7?
True
Is 79 a factor of 4691?
False
Is 5520 a multiple of 15?
True
Is 258 a factor of 18318?
True
Does 26 divide 21736?
True
Does 45 divide 2213?
False
Does 83 divide 11516?
False
Is 2 a factor of 846?
True
Is 105 a factor of 5565?
True
Is 27867 a multiple of 21?
True
Is 47 a factor of 47376?
True
Is 12558 a multiple of 42?
True
Does 133 divide 5308?
False
Is 34 a factor of 1375?
False
Is 4 a factor of 235?
False
Is 15 a factor of 1035?
True
Is 36 a factor of 864?
True
Does 87 divide 3654?
True
Is 2310 a multiple of 10?
True
Does 8 divide 4227?
False
Is 96 a factor of 1344?
True
Is 42420 a multiple of 202?
True
Does 8 divide 1483?
False
Is 3144 a multiple of 16?
False
Is 34 a factor of 18122?
True
Is 17 a factor of 1105?
True
Is 141 a multiple of 6?
False
Is 77 a factor of 2101?
False
Is 12064 a multiple of 13?
T